, what is -5 - 222?
-227
In base 12, what is -1 + 469a?
4699
In base 7, what is -536 + 2?
-534
In base 11, what is -14 + 19?
5
In base 10, what is -2 + -1101?
-1103
In base 15, what is d94 + 6?
d9a
In base 3, what is -2 - -22221?
22212
In base 13, what is -317 + -6?
-320
In base 7, what is -213 - 5?
-221
In base 14, what is -3 + 3?
0
In base 5, what is 20020 + 4?
20024
In base 15, what is -101 - 5?
-106
In base 14, what is -4c3 - 0?
-4c3
In base 4, what is 1311103 - -10?
1311113
In base 14, what is 281 + 10?
291
In base 12, what is -7 - -a?
3
In base 16, what is -9 - 1b?
-24
In base 14, what is 17d + -1?
17c
In base 16, what is -c65 + -2?
-c67
In base 11, what is 8 + 2?
a
In base 14, what is 1 + c33?
c34
In base 2, what is 1 - 1100111?
-1100110
In base 16, what is 0 - -2e0?
2e0
In base 3, what is 11 - 111?
-100
In base 11, what is -797 + 8?
-78a
In base 2, what is 1100011 - -1?
1100100
In base 9, what is -3 + -42?
-45
In base 6, what is 135323 + 0?
135323
In base 8, what is -3 + -3?
-6
In base 13, what is -2 + -3905?
-3907
In base 3, what is -111 + -1001?
-1112
In base 13, what is -5 + -b1?
-b6
In base 7, what is 1 + 6152?
6153
In base 7, what is 3 - -451?
454
In base 4, what is 2 + 120?
122
In base 16, what is -1f - 278?
-297
In base 2, what is -101 + 1000110010?
1000101101
In base 12, what is 3125 + -4?
3121
In base 5, what is -131 - -2?
-124
In base 7, what is 5 + -425?
-420
In base 11, what is 10 + -1?
a
In base 10, what is -3 - 36?
-39
In base 13, what is 4 + -141?
-13a
In base 15, what is -4 + -6?
-a
In base 14, what is -b3 + 2?
-b1
In base 2, what is -101110010111 - 101?
-101110011100
In base 10, what is 10 - 549?
-539
In base 2, what is -11101001000111 - 11?
-11101001001010
In base 9, what is 246 + 3?
250
In base 3, what is -11212201 - 1?
-11212202
In base 2, what is -1100 + 1000100011?
1000010111
In base 8, what is -153 + -6?
-161
In base 14, what is 2 + -26d9?
-26d7
In base 11, what is 9 - 60?
-52
In base 10, what is 4 - -13?
17
In base 12, what is 5 - 291?
-288
In base 7, what is 31 + -23?
5
In base 8, what is -51 + 5?
-44
In base 8, what is 5 - -347?
354
In base 12, what is 85 - 0?
85
In base 8, what is -2 + 562?
560
In base 11, what is 18 - 2a?
-12
In base 11, what is 0 - 73a?
-73a
In base 7, what is -1362 + -11?
-1403
In base 13, what is -12 + 84?
72
In base 11, what is 262 + -2?
260
In base 4, what is 30233 + -10?
30223
In base 11, what is 12 + -30?
-19
In base 15, what is 526 + 6?
52c
In base 12, what is -7 - -1b?
14
In base 9, what is -3 + 672?
668
In base 3, what is -1022 + -22?
-1121
In base 14, what is 0 + -2a?
-2a
In base 13, what is 12a1 - -5?
12a6
In base 15, what is c1 - -5?
c6
In base 7, what is -3 + 1356?
1353
In base 11, what is -6 + -19?
-24
In base 5, what is 14324 - 2?
14322
In base 5, what is -1402 + 0?
-1402
In base 14, what is -3 + -1312?
-1315
In base 14, what is -30 + 1?
-2d
In base 5, what is -23 + 30?
2
In base 13, what is 145 - -2?
147
In base 6, what is -5 - 20?
-25
In base 10, what is 6 + -583?
-577
In base 9, what is -27 + 5?
-22
In base 9, what is 3452 + -2?
3450
In base 8, what is -37 + 65?
26
In base 3, what is 10 + -12012?
-12002
In base 6, what is -4 + 13434?
13430
In base 5, what is 221 + -4?
212
In base 13, what is 696 + 4?
69a
In base 6, what is -10 + -2?
-12
In base 6, what is -1 + 11?
10
In base 3, what is 10022 - 11?
10011
In base 3, what is 12112 - -2?
12121
In base 10, what is 1 - -2?
3
In base 3, what is 1222 - 10?
1212
In base 5, what is -343 + -211?
-1104
In base 12, what is 2 - 10?
-a
In base 12, what is -3 + -66?
-69
In base 16, what is 23 - -23?
46
In base 8, what is 6255 - -4?
6261
In base 12, what is -5 + -19?
-22
In base 9, what is -26 - 125?
-152
In base 16, what is -60 - -2?
-5e
In base 11, what is -40 + 5?
-36
In base 4, what is 2201 + 1332?
10133
In base 13, what is 5 + -c?
-7
In base 14, what is 1a + 259?
275
In base 4, what is -2020 + -123?
-2203
In base 2, what is -1011100100110110 - 1?
-1011100100110111
In base 16, what is -4 + 52a?
526
In base 5, what is 1 - 30?
-24
In base 5, what is -10 + 2031?
2021
In base 5, what is 1 + -143?
-142
In base 16, what is -2a - -2f?
5
In base 6, what is 0 + 142?
142
In base 5, what is -200 + -2413?
-3113
In base 6, what is 320 + 235?
555
In base 14, what is 16 + 16?
2c
In base 6, what is -30 - -332?
302
In base 5, what is -423 + 202?
-221
In base 9, what is 87 - 4?
83
In base 12, what is 0 + 2609?
2609
In base 15, what is 1 + 42?
43
In base 12, what is 15 + 429?
442
In base 2, what is 10011011 - -101?
10100000
In base 3, what is -12221 + 1?
-12220
In base 3, what is 101010 - 10?
101000
In base 12, what is 0 - -211b?
211b
In base 13, what is -158 + -5?
-160
In base 3, what is 12 + -11012?
-11000
In base 8, what is -4 + -62?
-66
In base 9, what is -133 - 50?
-183
In base 8, what is 2 + 524?
526
In base 14, what is -7 + 7a?
73
In base 12, what is -19 + 1?
-18
In base 2, what is 101010 - -10?
101100
In base 9, what is 1 + 2018?
2020
In base 9, what is -3 + -612?
-615
In base 5, what is -14212 - 13?
-14230
In base 9, what is -5 + -36?
-42
In base 9, what is -3 + 63?
60
In base 11, what is 55 + -2?
53
In base 4, what is -13 + -131?
-210
In base 10, what is 7 - -263?
270
In base 8, what is -153 + 2?
-151
In base 14, what is 11 - 1b?
-a
In base 5, what is -1 - 401?
-402
In base 8, what is 1 - 1545?
-1544
In base 6, what is 114 - 42?
32
In base 6, what is 3 - 2335?
-2332
In base 2, what is -1 + 11000000?
10111111
In base 8, what is -4103 - 0?
-4103
In base 5, what is -3033 - -40?
-2443
In base 6, what is 0 - -241?
241
In base 8, what is -40 + 21?
-17
In base 14, what is -28 - -23b?
213
In base 6, what is 33302 - 1?
33301
In base 9, what is 2688 + 3?
2702
In base 3, what is -12 - 1210?
-1222
In base 11, what is 80 + -4?
77
In base 3, what is -22011 + -101?
-22112
In base 3, what is -1010010 - -12?
-1002221
In base 11, what is -33 - -211?
189
In base 2, what is -100 - -101110111?
101110011
In base 8, what is -141 - 4?
-145
In base 12, what is -773 + -7?
-77a
In base 7, what is -2 + -253?
-255
In base 8, what is 5 + -257?
-252
In base 9, what is -722 - 8?
-731
In base 12, what is 5 + -4118?
-4113
In base 6, what is -124 + 3?
-121
In base 11, what is 32 + -77?
-45
In base 6, what is -5130 - -2?
-5124
In base 14, what is -3 - 581?
-584
In base 4, what is -120 + 2?
-112
In base 16, what is -14c + -3?
-14f
In base 4, what is 10 + 103133?
103203
In base 10, what is -5 + -32?
-37
In base 5, what is 3113 - 1?
3112
In base 11, what is -1 + -3a1?
-3a2
In base 12, what is 0 - 10?
-10
In base 3, what is -11 - -202?
121
In base 14, what is 9 - -130?
139
In base 6, what is 0 + -14313?
-14313
In base 13, what is -70 + 61?
-c
In base 14, what is -1 + -cc?
-cd
In base 14, what is 3 - c8?
-c5
In base 9, what is -23203 + -5?
-23208
In base 14, what is -1 - -c4b?
c4a
In base 7, what is 3 + 2022?
2025
In base 16, what is -4 + 5b?
57
In base 6, what is -1512 + -20?
-1532
In base 5, what is 3 - -131?
134
In base 6, what is 5 - 55?
-50
In base 5, what is 212 + -3210?
-2443
In base 11, what is 4 - 117?
-113
In base 12, what is -4 - 56?
-5a
In base 13, what is -1 - 500?
-501
In base 9, what is -72 - 4?
-76
In base 4, what is -13330 - 0?
-13330
In base 3, what is -220 - 1111?
-2101
In base 7, what is 20 + 1125?
1145
In base 9, what is -10375 + 5?
-10370
In base 8, what is -13 + 3?
-10
In base 4, what is 33 - 231?
-132
In base 2, what is -1001011 - -1?
-1001010
In base 13, what is -12 + 150?
13b
In base 2, what is -1101001010 + -100?
-1101001110
In base 7, what is -253 + 0?
-253
In base 5, what is 114 - -10?
124
In base 11, what is 1 - a6?
-a5
In base 7, what is 102 - 551?
-446
In base 14, what is 136 + 5?
13b
In base 4, what is 21301 - 0?
21301
In base 5, what is -10 + 113?
103
In base 16, what is -240 - -2?
-23e
In base 13, what is 3 - 76?
-73
In base 14, what is -114 - 0?
-114
In base 3, what is -2120 + -11?
-2201
In base 11, what is -640 - -3?
-638
In base 6, what is -321 - 144?
-505
In base 11, what is -1a3 - -4?
-19a
In base 11, what is 2 - 1a?
-18
In base 12, what is -1 - 91?
-92
In base 13, what is -84 - 1?
-85
In base 13, what is 1 + 3?
4
In base 9, what is 2 + 267?
270
In base 3, what is 12 - 10000010?
-2222221
In base 13, what is 4 + 73?
77
In base 6, what is 1 -